{"id":1436,"date":"2021-10-22T09:07:20","date_gmt":"2021-10-22T08:07:20","guid":{"rendered":"https:\/\/www.astromarcus.de\/?page_id=1436"},"modified":"2021-10-22T09:13:27","modified_gmt":"2021-10-22T08:13:27","slug":"nebel-3","status":"publish","type":"page","link":"https:\/\/www.astromarcus.de\/?page_id=1436","title":{"rendered":"Index Katalog (IC)"},"content":{"rendered":"<p>Der Index-Katalog (IC) bezeichnet einen Katalog von galaktischen Nebeln, Sternhaufen und Galaxien.<\/p>\n<p>Urspr\u00fcnglich gab es zwei Kataloge, den ersten Index-Katalog (IC I) und etwas sp\u00e4ter den zweiten Index-Katalog (IC II). Heutzutage fasst man beide unter dem Begriff Index-Katalog (IC) zusammen.<\/p>\n<p>Beide Index-Kataloge sind Erweiterungen des NGC und wie dieser von Johan Ludvig Emil Dreyer zusammengestellt. Der IC I wurde 1895 ver\u00f6ffentlicht und enth\u00e4lt astronomische Objekte, die nach der Ver\u00f6ffentlichung des NGC 1888 bis 1895 entdeckt wurden. Der IC II wurde 1908 ver\u00f6ffentlicht und enth\u00e4lt die Objekte, die zwischen 1895 und 1908 entdeckt wurden.<\/p>\n<p>Der gesamte Index-Katalog enth\u00e4lt ca. 5500 Objekte. Darunter sind auch wenige Objekte des Messier-Katalogs, die nicht im NGC-Katalog enthalten sind.<\/p>\n<p>Auch der Index-Katalog enth\u00e4lt wie der NGC-Katalog Fehler. An einer Verbesserung arbeitet das NGC\/IC-Projekt. Als teilweise verbesserte Versionen der NGC\/IC-Kombination gelten der NGC 2000.0-Katalog und der Revised NGC\/IC-Katalog. Diese sind nicht mit der korrigierten Version des NGC-Katalogs, dem RNGC, zu verwechseln.<\/p>\n<p>Echte Nachfolger dieser Kataloge gibt es nicht. Seit dem fr\u00fchen 20. Jahrhundert wurden Kataloge nur noch speziell f\u00fcr die einzelnen Objekttypen angelegt. Insbesondere existieren einige Galaxienkataloge.<\/p>\n<p>&nbsp;<\/p>\n<p>Sortiert nach Datum. Neuestes Bild zuerst.<\/p>\n<div class=\"gmedia_gallery phantom_module is_bot\" id=\"GmediaGallery_38\" data-gmid=\"38\" data-module=\"phantom\"><style class='gmedia_module_style_import'>@import url('https:\/\/www.astromarcus.de\/astromain\/wp-content\/grand-media\/module\/phantom\/css\/style.css?v=3.25') all;\/**** .phantom_module #GmediaGallery_38 ****\/\n#GmediaGallery_38 .gmPhantom_ThumbContainer,\n#GmediaGallery_38 .gmPhantom_LoadMore {width:250px; height:220px;}\n#GmediaGallery_38 .gmPhantom_MobileView .gmPhantom_ThumbContainer,\n#GmediaGallery_38 .gmPhantom_MobileView .gmPhantom_LoadMore {width:96px; height:72px;}\n#GmediaGallery_38 .gmPhantom_LoadMore .gmPhantom_pager {font-size:110px;line-height:220px;}\n#GmediaGallery_38 .gmPhantom_MobileView .gmPhantom_LoadMore .gmPhantom_pager {font-size:36px;line-height:72px;}\n#GmediaGallery_38 .gmPhantom_LoadMore[data-col=\"1\"] {width:auto;height:50px;}\n#GmediaGallery_38 .gmPhantom_LoadMore[data-col=\"1\"] .gmPhantom_pager,\n#GmediaGallery_38 .gmPhantom_MobileView .gmPhantom_LoadMore[data-col=\"1\"] .gmPhantom_pager {font-size:40px;line-height:50px;}\n#GmediaGallery_38 .gmPhantom_ThumbContainer,\n#GmediaGallery_38 .gmPhantom_LoadMore {margin:10px 0 0 10px;}\n#GmediaGallery_38 .gmPhantom_LoadMore[data-col=\"1\"] {transform:translate(0, 10px);margin-bottom:10px;}\n#GmediaGallery_38 .gmPhantom_ThumbContainer,\n#GmediaGallery_38 .gmPhantom_LoadMore {padding:5px;}\n#GmediaGallery_38 .gmPhantom_LabelBottom .gmPhantom_ThumbContainer {padding-bottom:36px;}\n#GmediaGallery_38 .gmPhantom_LabelBottom .gmPhantom_LoadMore {padding-top:36px;}\n#GmediaGallery_38 .gmPhantom_LabelBottom .gmPhantom_LoadMore[data-col=\"1\"] {padding-top:5px;}\n#GmediaGallery_38 .gmPhantom_ThumbContainer,\n#GmediaGallery_38 .gmPhantom_LabelBottom .gmPhantom_ThumbLabel {background-color:#222222;}\n#GmediaGallery_38 .gmPhantom_ThumbContainer .gmPhantom_Thumb {opacity:0.85;}\n#GmediaGallery_38 .gmPhantom_ThumbContainer,\n#GmediaGallery_38 .gmPhantom_LoadMore {border:2px solid #cccccc;}\n#GmediaGallery_38 .gmPhantom_ThumbContainer,\n#GmediaGallery_38 .gmPhantom_LoadMore {box-shadow:0 0 5px -2px #cccccc;}\n#GmediaGallery_38 .gmPhantom_ThumbLabel a {color:#eb9a47;}<\/style>\t<div class=\"gmPhantom_Container noLightbox\" >\n\t\t\t\t<div class=\"gmPhantom_thumbsWrapper gmPhantom_ThumbScale gmPhantom_LabelInside\">\n\t\t\t\t\t\t<div class=\"gmPhantom_ThumbContainer gmPhantom_ThumbLoader\" data-id=\"88\" data-post_id=\"1517\" data-ratio=\"1.35\" data-type=\"image\" data-ext=\"jpg\" data-views=\"0\" data-likes=\"0\" data-link=\"https:\/\/www.astromarcus.de\/?page_id=1519\" data-target=\"_self\">\n\t\t\t\t<a href=\"https:\/\/www.astromarcus.de\/?page_id=1519\" class=\"gmPhantom_Thumb\"><img decoding=\"async\" class=\"noLazy\" src=\"https:\/\/www.astromarcus.de\/astromain\/wp-content\/grand-media\/image\/thumb\/IC59-04-09-2021.jpg\" data-src=\"https:\/\/www.astromarcus.de\/astromain\/wp-content\/grand-media\/image\/IC59-04-09-2021.jpg\" alt=\"IC 59 - 04.09.21\"\/><\/a>\n\t\t\t\t\t\t\t\t\t<div class=\"gmPhantom_ThumbLabel\"><span class=\"gmPhantom_ThumbLabel_title\"><a href='https:\/\/www.astromarcus.de\/?page_id=1519' target='_self'>IC 59 - 04.09.21<\/a><\/span><\/div>\n\t\t\t\t\t\t\t\t\t<div style=\"display:none;\" class=\"gmPhantom_Details\">\n\t\t\t\t\t\t\t\t\t\t\t<div class=\"gmPhantom_description\">\n\t\t\t\t\t\t\t<div class=\"gmPhantom_title\"><a href='https:\/\/www.astromarcus.de\/?page_id=1519' target='_self'>IC 59 - 04.09.21<\/a><\/div>\n\t\t\t\t\t\t\t<div class=\"gmPhantom_text\"><\/div>\n\t\t\t\t\t\t<\/div>\n\t\t\t\t\t\t\t\t\t\t\t\t\t\t\t<div class=\"gmPhantom_terms\">\n\t\t\t\t\t\t\t\t\t\t\t\t\t<div class=\"gmPhantom_other_terms\">\n\t\t\t\t\t\t\t\t<table class=\"gmPhantom_other_terms_table\">\n\t\t\t\t\t\t\t\t\t\t\t\t\t\t\t\t\t\t\t<tr class=\"gmPhantom_term_row_album\">\n\t\t\t\t\t\t\t\t\t\t\t<td class=\"gmPhantom_term_key\">Album<\/td>\n\t\t\t\t\t\t\t\t\t\t\t<td class=\"gmPhantom_term_value\"><a href=\"\/index.php?rest_route=\/wp\/v2\/pages\/1436&gm38[album__in]=37\" class=\"gmPhantom_alb\">Index Katalog (IC)<\/a><\/td>\n\t\t\t\t\t\t\t\t\t\t<\/tr>\n\t\t\t\t\t\t\t\t\t\t\t\t\t\t\t\t\t\t\t<tr class=\"gmPhantom_term_row_categories\">\n\t\t\t\t\t\t\t\t\t\t\t<td class=\"gmPhantom_term_key\">Categories<\/td>\n\t\t\t\t\t\t\t\t\t\t\t<td class=\"gmPhantom_term_value\"><a href=\"\/index.php?rest_route=\/wp\/v2\/pages\/1436&gm38[category__in]=9\" class=\"gmPhantom_cat\">Deepspace<\/a>, <a href=\"\/index.php?rest_route=\/wp\/v2\/pages\/1436&gm38[category__in]=39\" class=\"gmPhantom_cat\">IC Katalog<\/a><\/td>\n\t\t\t\t\t\t\t\t\t\t<\/tr>\n\t\t\t\t\t\t\t\t\t\t\t\t\t\t\t\t\t<\/table>\n\t\t\t\t\t\t\t<\/div>\n\t\t\t\t\t\t\t\t\t\t\t\t<\/div>\n\t\t\t\t<\/div>\n\t\t\t\t<\/div>\t\t\t<div class=\"gmPhantom_ThumbContainer gmPhantom_ThumbLoader\" data-id=\"71\" data-post_id=\"1435\" data-ratio=\"1.3333333333333\" data-type=\"image\" data-ext=\"jpg\" data-views=\"1\" data-likes=\"0\" data-link=\"https:\/\/www.astromarcus.de\/?page_id=1442\" data-target=\"_self\">\n\t\t\t\t<a href=\"https:\/\/www.astromarcus.de\/?page_id=1442\" class=\"gmPhantom_Thumb\"><img decoding=\"async\" class=\"noLazy\" src=\"https:\/\/www.astromarcus.de\/astromain\/wp-content\/grand-media\/image\/thumb\/IC443-06-02-2016.jpg\" data-src=\"https:\/\/www.astromarcus.de\/astromain\/wp-content\/grand-media\/image\/IC443-06-02-2016.jpg\" alt=\"IC 443 - 06.02.16\"\/><\/a>\n\t\t\t\t\t\t\t\t\t<div class=\"gmPhantom_ThumbLabel\"><span class=\"gmPhantom_ThumbLabel_title\"><a href='https:\/\/www.astromarcus.de\/?page_id=1442' target='_self'>IC 443 - 06.02.16<\/a><\/span><\/div>\n\t\t\t\t\t\t\t\t\t<div style=\"display:none;\" class=\"gmPhantom_Details\">\n\t\t\t\t\t\t\t\t\t\t\t<div class=\"gmPhantom_description\">\n\t\t\t\t\t\t\t<div class=\"gmPhantom_title\"><a href='https:\/\/www.astromarcus.de\/?page_id=1442' target='_self'>IC 443 - 06.02.16<\/a><\/div>\n\t\t\t\t\t\t\t<div class=\"gmPhantom_text\"><\/div>\n\t\t\t\t\t\t<\/div>\n\t\t\t\t\t\t\t\t\t\t\t\t\t\t\t<div class=\"gmPhantom_terms\">\n\t\t\t\t\t\t\t\t\t\t\t\t\t<div class=\"gmPhantom_other_terms\">\n\t\t\t\t\t\t\t\t<table class=\"gmPhantom_other_terms_table\">\n\t\t\t\t\t\t\t\t\t\t\t\t\t\t\t\t\t\t\t<tr class=\"gmPhantom_term_row_album\">\n\t\t\t\t\t\t\t\t\t\t\t<td class=\"gmPhantom_term_key\">Album<\/td>\n\t\t\t\t\t\t\t\t\t\t\t<td class=\"gmPhantom_term_value\"><a href=\"\/index.php?rest_route=\/wp\/v2\/pages\/1436&gm38[album__in]=37\" class=\"gmPhantom_alb\">Index Katalog (IC)<\/a><\/td>\n\t\t\t\t\t\t\t\t\t\t<\/tr>\n\t\t\t\t\t\t\t\t\t\t\t\t\t\t\t\t\t\t\t<tr class=\"gmPhantom_term_row_categories\">\n\t\t\t\t\t\t\t\t\t\t\t<td class=\"gmPhantom_term_key\">Categories<\/td>\n\t\t\t\t\t\t\t\t\t\t\t<td class=\"gmPhantom_term_value\"><a href=\"\/index.php?rest_route=\/wp\/v2\/pages\/1436&gm38[category__in]=9\" class=\"gmPhantom_cat\">Deepspace<\/a>, <a href=\"\/index.php?rest_route=\/wp\/v2\/pages\/1436&gm38[category__in]=39\" class=\"gmPhantom_cat\">IC Katalog<\/a><\/td>\n\t\t\t\t\t\t\t\t\t\t<\/tr>\n\t\t\t\t\t\t\t\t\t\t\t\t\t\t\t\t\t<\/table>\n\t\t\t\t\t\t\t<\/div>\n\t\t\t\t\t\t\t\t\t\t\t\t<\/div>\n\t\t\t\t<\/div>\n\t\t\t\t<\/div>\t\t<\/div>\n\t<\/div>\n<\/div>\n","protected":false},"excerpt":{"rendered":"<p>Der Index-Katalog (IC) bezeichnet einen Katalog von galaktischen Nebeln, Sternhaufen und Galaxien. Urspr\u00fcnglich gab es zwei Kataloge, den ersten Index-Katalog (IC I) und etwas sp\u00e4ter den zweiten Index-Katalog (IC II). Heutzutage fasst man beide unter dem Begriff Index-Katalog (IC) zusammen. Beide Index-Kataloge sind Erweiterungen des NGC und wie dieser von\u2026<\/p>\n<p class=\"continue-reading-button\"> <a class=\"continue-reading-link\" href=\"https:\/\/www.astromarcus.de\/?page_id=1436\">Continue reading<i class=\"crycon-right-dir\"><\/i><\/a><\/p>\n","protected":false},"author":2,"featured_media":0,"parent":59,"menu_order":0,"comment_status":"closed","ping_status":"closed","template":"","meta":{"footnotes":""},"class_list":["post-1436","page","type-page","status-publish","hentry"],"_links":{"self":[{"href":"https:\/\/www.astromarcus.de\/index.php?rest_route=\/wp\/v2\/pages\/1436","targetHints":{"allow":["GET"]}}],"collection":[{"href":"https:\/\/www.astromarcus.de\/index.php?rest_route=\/wp\/v2\/pages"}],"about":[{"href":"https:\/\/www.astromarcus.de\/index.php?rest_route=\/wp\/v2\/types\/page"}],"author":[{"embeddable":true,"href":"https:\/\/www.astromarcus.de\/index.php?rest_route=\/wp\/v2\/users\/2"}],"replies":[{"embeddable":true,"href":"https:\/\/www.astromarcus.de\/index.php?rest_route=%2Fwp%2Fv2%2Fcomments&post=1436"}],"version-history":[{"count":2,"href":"https:\/\/www.astromarcus.de\/index.php?rest_route=\/wp\/v2\/pages\/1436\/revisions"}],"predecessor-version":[{"id":1441,"href":"https:\/\/www.astromarcus.de\/index.php?rest_route=\/wp\/v2\/pages\/1436\/revisions\/1441"}],"up":[{"embeddable":true,"href":"https:\/\/www.astromarcus.de\/index.php?rest_route=\/wp\/v2\/pages\/59"}],"wp:attachment":[{"href":"https:\/\/www.astromarcus.de\/index.php?rest_route=%2Fwp%2Fv2%2Fmedia&parent=1436"}],"curies":[{"name":"wp","href":"https:\/\/api.w.org\/{rel}","templated":true}]}}